u?
5
Let o = -101294 - -155460. What is the ten thousands digit of o?
5
Suppose -5*d + d = -2*o - 138, -4*o + d = 276. Let k = o + 61. Let y(c) = -c + 19. What is the tens digit of y(k)?
2
Suppose 1097*z - 1774093 = 1030*z. What is the tens digit of z?
7
Suppose -71*b + 75*b - 3000 = 0. Let z = 899 - b. What is the tens digit of z?
4
Let l(m) = 2*m**3 - 4*m**2 + 8*m + 8. Let q(f) = -f - 1. Let r(x) = -l(x) - 5*q(x). Let d be r(2). What is the units digit of (-3 - -6)/(d/(-48))?
6
What is the tens digit of 95082/12 - 20/8?
2
Let a be 5/((-38)/(-8) + -5). Let w be (-3)/(8/a - 2/20). Suppose -1 = w*o - 13. What is the units digit of o?
2
Let k(m) = -1243*m - 1733. What is the units digit of k(-16)?
5
Let y be 5/(-2)*(21 - 33). What is the tens digit of ((-48)/y)/((-8)/2180)?
3
Let o be (-3 - (284/(-10) + -2))*5. Let h = -202 + o. Let u = h - -93. What is the tens digit of u?
2
Let i(h) = -h**2 - 21*h - 25. Let k be i(-19). Let f = k - -2. Let b = f + 18. What is the units digit of b?
3
Let k = -1174 + 1662. Suppose 0 = 14*p + k - 1342. What is the tens digit of p?
6
Let l(a) = -76*a + 38. Suppose 3*k - 4*t + 36 = 0, -3*t - 9 = -0*t. Let p be l(k). What is the units digit of 0 - (-9)/12 - p/(-24)?
3
Let f = 445 + -465. What is the units digit of (-1921)/(-2) - f/40?
1
Suppose -11*n + 80 = 25. Let q(j) = -1 - 4 + n*j - 3 + 62*j. What is the tens digit of q(2)?
2
Suppose -159*g = -144*g - 915. Let b(x) = 2*x**2 - 3*x + 2. Let w be b(-5). Let y = w + g. What is the units digit of y?
8
Let a(u) = -7500*u + 2298. What is the hundreds digit of a(-5)?
7
Suppose l - 40 = -36. Suppose 0 = -l*d + p + 2656, p = 4*d - 4*p - 2672. What is the units digit of d?
3
What is the hundreds digit of (34*(-9 - 9))/(12/(-272))?
8
Let s = 146 - 152. What is the units digit of (4280/16 - s/4) + -2?
7
Let t be (-38)/133 - (-34320)/21. Let z = 2366 - t. What is the hundreds digit of z?
7
Let z = -16646 - -30362. What is the units digit of z?
6
Let t = 287 - 284. Suppose 1283 = 2*x + t*u, 2*x - 15*u = -11*u + 1262. What is the units digit of x?
7
Suppose -120295 = -6633*r + 6620*r - 24368. What is the units digit of r?
9
Suppose 8*i - 11 = 29. Suppose 0*n - i*n - 5 = 0, 3*t = -4*n + 1169. What is the units digit of t?
1
What is the tens digit of ((-256)/(-640))/(1/13190)?
7
Suppose -4*q = -8*q - 4*b, 0 = -2*q + 4*b - 24. Let j = q - -200. What is the tens digit of j?
9
Let q(i) = -10*i - 126. Let w be q(-13). Suppose -3*b + k = w*k - 2721, -b - 5*k + 895 = 0. What is the hundreds digit of b?
9
Suppose -8114 - 63417 = -42*h + 74881. What is the tens digit of h?
8
Suppose 0 = -8*s - 721 - 247. Let f = -77 - s. What is the tens digit of f?
4
Suppose 4*q = q - 3*s + 105, -2*s - 158 = -4*q. Suppose 0 = q*l - 43*l + 365. Let p = 262 - l. What is the hundreds digit of p?
1
Suppose -22*s - 2355 = -p - 28*s, 4659 = 2*p - 5*s. What is the tens digit of p?
3
Let n(w) = w**3 - 43*w**2 - 191*w - 67. What is the units digit of n(51)?
0
Let n(t) be the first derivative of t**4/4 - 3*t**3 + t**2/2 - 175*t + 152. What is the hundreds digit of n(13)?
5
Let g = -517 - -287. What is the units digit of 3 + -5 + -4 - g?
4
Let b be 10 + -1*(2 + -1). Let v = 1567 + -1278. Suppose 4*n = v - b. What is the units digit of n?
0
What is the hundreds digit of (-1 - (-4738)/6)/(112/1176)?
2
Let o = -283 + 360. Suppose 82*h - 2935 = o*h. What is the hundreds digit of h?
5
Suppose 0 = 21*o - 19502 - 17983. Suppose -448*z + o = -443*z. What is the tens digit of z?
5
Suppose -2*z = 4*v - 25928, 2*z - 21773 = -2*v + 4149. What is the units digit of z?
8
Suppose 81*g + 59*g - 828840 = 20*g. What is the thousands digit of g?
6
Suppose 13*h - 43851 - 185537 - 21538 = 0. What is the ten thousands digit of h?
1
Let k be 0/(-1)*1/1. Suppose -6*f + 4*f + 3*v + 2087 = k, 0 = -2*f + 5*v + 2089. What is the units digit of f?
2
Let i(r) = 1018*r**2 + 2*r. Let k = -211 + 212. What is the thousands digit of i(k)?
1
Suppose -2*g + 4 - 2 = 0, 3*r - 4*g = 935. What is the tens digit of r?
1
Let z = -174 - -170. Let d = 210 + z. What is the units digit of d?
6
Let f(m) = m**3 - 4*m**2 + 5*m + 6. Let t be f(5). Let y = 40 - t. Let q(v) = -2*v + 17. What is the units digit of q(y)?
9
Let u(s) = 23*s**2 - 24*s**2 + 12*s + 14*s. Let a be u(26). Suppose a = -8*l + 464 - 88. What is the tens digit of l?
4
Suppose 812931 = -73*f - 69*f + 163*f. What is the thousands digit of f?
8
Let s = 4392 + 6293. What is the ten thousands digit of s?
1
Suppose -5*z + 27 = -4*b, -3*z + 2*b = -2*b - 21. Suppose -2*k - d - 159 = 0, -z*d = -k + 4*k + 231. Let t = 139 + k. What is the units digit of t?
7
Let d = 12524 + -8346. What is the hundreds digit of d?
1
Suppose -n - 56052 = -5*p, -22*n - 56060 = -5*p - 17*n. What is the thousands digit of p?
1
Suppose -6*b + 3*b - 540 = 0. What is the hundreds digit of 392/3*-3*b/70?
0
Let y(t) = 146*t - 50. Let h be y(-18). Let j = -1672 - h. What is the units digit of j?
6
Suppose 0 = -11*i + 111598 + 149179. What is the units digit of i?
7
Let y = -246 - -251. Suppose -175 = -f + y*r, -1 - 24 = 5*r. What is the tens digit of f?
5
Let k = 3858 - 2167. What is the thousands digit of k?
1
Let k = -39 + 30. Let v be (3 - 4 - 2)/(k/(-84)). Let r = 55 + v. What is the tens digit of r?
2
Let r be (2 - (-12)/(-9)) + (-368)/(-69). Suppose -r*u + 403 + 3653 = 0. What is the tens digit of u?
7
Suppose 2*t - 5*v + 76 = 15, -t - 23 = -v. Let h(p) = -p**3 - 18*p**2 - 3*p - 21. Let w be h(t). What is the units digit of (-621)/(-33) - (-6)/w?
9
Suppose 2*k - u - 293 = -2*u, -k - 2*u = -148. Let n be 0*(((-66)/4)/11 - -1). Suppose -2*m + k = -n*m. What is the tens digit of m?
7
Suppose -3*z = -2*c - c - 29916, -3*z = 3*c - 29886. What is the thousands digit of z?
9
Let q = 8607 + -6543. What is the units digit of q?
4
What is the ten thousands digit of -21 - (-27 - 14626) - (0 + 8)/(-2)?
1
Let z(i) = 15*i. Let b(c) = c**2 + 3*c - 11. Let x be b(-5). Let a be z(x). Let j = a + 48. What is the units digit of j?
3
What is the hundreds digit of 1591440/72 - 45/(-27)?
1
Let n = 273 + -268. Suppose -2625 = -n*w - 2*r, 4*w + 2*r - 2093 = -r. What is the hundreds digit of w?
5
Suppose -47633 = -y - 4*p, -224*p = -4*y - 225*p + 190517. What is the hundreds digit of y?
6
Suppose -6286 = -20*i + 88894. What is the hundreds digit of i?
7
Let n(w) = -6 - 10 - 2*w + 26 - 5*w. Let v be n(2). What is the hundreds digit of (-626)/v + (-4)/8?
1
Let q(j) = -2*j**2 - 56*j - 7. Let p be (1*(2 + -4))/(1/13). What is the units digit of q(p)?
7
Let p(c) = -73*c + 825. What is the hundreds digit of p(-13)?
7
Suppose -12*a + 13*a - 1685 = 0. Let s = -1070 + a. What is the units digit of s?
5
Let q be (-330580)/(-25) - (-7)/(-35). Suppose 24*w - 8929 - q = 0. What is the tens digit of w?
2
Let n(d) be the second derivative of -61*d**5/5 + d**4/6 - d**2/2 + d. Suppose 17 = -11080*h + 11063*h. What is the units digit of n(h)?
5
Suppose 34*g + 0*g = -2*g + 257184. What is the thousands digit of g?
7
Let b = 11 + -9. Let j be 4/12*321*2/b. Suppose -124 = -3*y + j. What is the tens digit of y?
7
Suppose p + 4*p = 15. Suppose 2468 = p*u + 4*m, -2*u = -4*u + m + 1660. What is the tens digit of u?
2
Let q be (-6 - -9)/(6/(-56)). Suppose -4*o = s - 2*s - 72, -3*o = 2*s + 155. Let v = q - s. What is the tens digit of v?
4
Let j(b) = 5 - 115*b + 116*b + 4*b**3 - 2*b**3 - 4*b**2. Let u be j(-3). Let p = 296 + u. What is the tens digit of p?
0
Suppose -50*f + 141485 + 16315 = 0. What is the hundreds digit of f?
1
Let v(p) = 333*p - 5042. What is the tens digit of v(77)?
9
Let t(h) = h**3 + 9*h**2 + 7*h - 8. Let x = -24 - 7. Let k = x - -24. What is the units digit of t(k)?
1
Suppose h + 18 = -12. Let u be (-3 - h/8) + 9/(-12). Suppose -5*y - 4*n + 615 = n, u = y + 4*n - 108. What is the hundreds digit of y?
1
Let b = -114 - -116. Suppose 0 = b*x - 2*u - 986, 17*x - 14*x - 5*u = 1475. What is the hundreds digit of x?
4
Suppose 5*u + 3*i - 133546 = 0, -80136 = -3*u - 11*i + 8*i. What is the tens digit of u?
0
Let z = -33443 - -79270. What is the thousands digit of z?
5
Let f = -50644 - -79038. What is the units digit of f?
4
Let h = 10 - -2. Let x be (-3)/(-2)*h/(-9). What is the units digit of x/5 - (-602)/5?
0
What is the units digit of 60*(15 + (-10507)/(-3